d by 205.
203
Let r = 89 - 31. What is the remainder when r is divided by (4 + 0)/(-1)*63/(-14)?
4
Suppose 0 = 3*f - 5*j - 48997, -163*f + 164*f - 16279 = -5*j. What is the remainder when f is divided by 22?
17
Let k = 20 + -19. Suppose -4*h + 122 = 11*b - 6*b, 0 = 4*b + 3*h - 97. What is the remainder when b is divided by -6*(12/(-9) + k)?
0
Let w be 6136/(-354) - (-4)/3*1. Calculate the remainder when 88 is divided by w*-6*(-6)/(-12).
40
Let k(i) = i**3 + 5*i**2 - 6*i - 2. Let u be k(-6). Let f(c) = -c**3 - 5*c**2 + 5*c + 65. Calculate the remainder when f(-6) is divided by -2 + 2 + 35 - u.
34
Let x(d) = -d**2 - 3*d + 36. Let i(a) = a**2 + a - 35. Let r(q) = -5*i(q) - 4*x(q). Calculate the remainder when r(5) is divided by 40*4*(-3)/(-30).
9
Suppose 2*o = 98 + 16. Let d = 108 - o. What is the remainder when 202 is divided by d?
49
Let d = -75 + 77. What is the remainder when 62*((-9)/d + 5) is divided by 20?
11
Suppose -7*g - 13 = -4*t - 8*g, g - 5 = 0. Let p = 27 - 6. Suppose -p = -r - q, -r - t*q - 38 = -3*r. What is the remainder when 74 is divided by r?
14
Let c(z) = -2*z**3 + 10*z**2 - 7*z + 12. Let n be c(4). Let t(u) = -u**3 + 18*u**2 - 31*u + 7. What is the remainder when 68 is divided by t(n)?
22
Let w(y) = y**2 + 7*y - 11. What is the remainder when ((-434)/1)/(3*10/(-15)) is divided by w(5)?
21
Let z be (-5)/(-2) + -2 - (-625)/10. Suppose -z*f = -60*f - 1251. Calculate the remainder when f is divided by 14.
11
Let c(v) = 3*v + 3. Let u be c(1). Let b be (-1)/((-2)/u)*(-176)/(-48). Let k = 17 + b. Calculate the remainder when k is divided by 6.
4
Suppose 250 + 66 = n + 20. Calculate the remainder when n is divided by 150.
146
Let t(y) = y**3 + 9*y**2 - 738*y + 47. Calculate the remainder when t(-32) is divided by 94.
17
Suppose 3*o = -5*q + 2285, -5*q - 642 = -3*o + 1663. Calculate the remainder when o is divided by 8.
5
Suppose 4*m - 2*b - 347 = -21, -409 = -5*m + 3*b. Let q(x) = x**2 - 8*x + 11. Let p be q(7). Calculate the remainder when m is divided by p/((-22)/42 + 4/6).
24
Let n(t) = -2*t**3 - 155*t**2 - 323*t - 21. What is the remainder when 1*78*2/3 is divided by n(-2)?
10
Let z = 634 + -402. Let f(j) = -83*j**2 + 300*j - 15. Let x be f(4). Let w = x + z. Calculate the remainder when w is divided by 23.
20
Suppose -5*r + 152 = 4*p, -3*p + 0*p = -2*r + 70. Suppose 4*t + 4*s = r, -2*t - 32 = -7*t - s. Let o = -33 + 74. Calculate the remainder when o is divided by t.
5
Let s = 42 + -57. What is the remainder when s/(-45) + 170/3 is divided by 17?
6
Suppose 2*s = 3*f - 1, 2*s + 4*f = -s + 7. Suppose -4*y + 12 = d - 9, -3*y = 4*d - 19. What is the remainder when 73 is divided by 9/15*s*y + 10?
8
Suppose -3*w + 118 = 75*i - 73*i, -5*i + 5*w = -370. Calculate the remainder when 1219 is divided by i.
63
Calculate the remainder when 44 is divided by 5/(-3)*15/(-1).
19
Let g(a) = -15*a**2 + 126*a + 52. What is the remainder when 941 is divided by g(5)?
20
Suppose 2*z = -5*x + 1154, 2914 = 5*z - 3*x + x. Suppose 436 = -578*q + z*q. What is the remainder when q is divided by 28?
25
Let f(m) = 8*m - 156. Calculate the remainder when 4/6 + (-272)/(-6) is divided by f(21).
10
Let q(j) = -58*j - 38. Let g = 161 - 166. Calculate the remainder when q(g) is divided by 51.
48
Suppose -3*x = -4*d + 585, d - 14 - 134 = -x. What is the remainder when d is divided by 2?
1
Suppose -418*o + 404*o = -2240. Suppose o = 98*q - 93*q. Calculate the remainder when 105 is divided by q.
9
Suppose 3*u - 3*j + 40 = 1, -u + 3*j - 11 = 0. Suppose -2*g - 8 = g - 2*n, -3*n = g - 12. Let z = g - u. Calculate the remainder when 36 is divided by z.
8
Suppose 4*f - 6*f - 16 = 0. Let b be ((-10)/f)/(-1)*-4. Calculate the remainder when (9 - b)*-1*142/(-8) is divided by 9.
8
Suppose 6*z + 4 + 2 = 0. Let b be (-4 - z*6)*-9. Calculate the remainder when (-1)/1*0 + 117 + b is divided by 25.
24
Let s = 5 + 8. Suppose v - 10 = -2*m, 10 = 8*v - 6*v + 2*m. What is the remainder when -154*(-2)/4 - v is divided by s?
12
Calculate the remainder when 131 is divided by ((-90)/270)/((-1)/249).
48
Suppose 3*a + 18 = u, -3*a = 2*u + a + 14. Suppose 7*o = -u*o + 130. What is the remainder when ((-3)/(-3))/((-1)/(-45)) is divided by o?
6
Let k(u) = 31*u - 159. What is the remainder when k(15) is divided by 58?
16
Suppose -1191 - 2241 = -22*q. What is the remainder when ((-104)/q)/(2*(-2)/498) is divided by 28?
27
Suppose 0 = 2*c - 0*c - 10. Suppose c*t = -k + 129, 3*k - 1 = 11. Let l = 119 + -22. Calculate the remainder when l is divided by t.
22
Let j(l) = -2*l**3 + l**2 + 2*l - 4. Let v(p) = -p - 7. Let f be v(-9). Let g be j(f). What is the remainder when 19 is divided by ((-4)/(-6))/(g/(-234))?
6
Let t = -2515 - -2723. Calculate the remainder when t is divided by 29.
5
Let y be 11/55 + (-168)/(-10). Suppose -1 + y = 4*h. Suppose 3*b - 18 = -g, -2*g + h*b + b = -14. What is the remainder when g is divided by 8?
4
Let u be 6/48 - 1*4/32. Suppose 0 = -2*v - 3*g + 6, -3*g = -2*v - u - 6. Suppose -20*o + 21*o - 7 = v. What is the remainder when o is divided by 3?
1
Suppose 3*m = 58 + 191. Suppose 2*x + p - 32 = 0, 2*x + 0*p = -3*p + 40. What is the remainder when m is divided by x?
13
Let u(i) = -i**2 + 16*i + 17. Let w be u(17). Suppose 2*a - 50 = -4*m, w = -2*a - 2*m + 52 - 8. Calculate the remainder when a is divided by 4/(-32)*-14*4.
5
Suppose -w - 9 = h - 5*w, 0 = 4*w - 12. Suppose 146 = u + 3*u - 2*r, h*u + 5*r = 116. What is the remainder when u is divided by (4 - 11)*(-2 - 0)?
9
Suppose -3*u + 2*g + 879 = 0, -4*u = -193*g + 194*g - 1172. Calculate the remainder when u is divided by 22.
7
Let c be (0/(-3) + -1)*-2. Suppose 4*o - 892 = -5*r, c*r + 8 = 4*r. Let x = 13556 - 13543. Calculate the remainder when o is divided by x.
10
Let m(x) = -37 - 10 + 4 + 20*x - 4*x. Let b be m(7). Suppose -t = -5*h - 39, 0*t - b = -2*t + h. Calculate the remainder when t is divided by 13.
8
Suppose 0 = -5*z + 30, 12773 = 5*b + z + 12722. Calculate the remainder when 9455 is divided by b.
5
Let t(x) = -x**2 + 8*x + 34. Let h be t(10). Let n(a) = -3*a**2 + 48*a. Calculate the remainder when n(h) is divided by 43.
41
Let x(z) = z**2 + 54*z + 221. What is the remainder when x(-4) is divided by 10?
1
Suppose 18 = -4*x + 3*d, -22*x + 23*x - 2*d = -7. Calculate the remainder when 2 - 339*(-5)/(-45)*x is divided by 29.
28
Let f(s) = 5*s**2 - s. Suppose 4*o - 436 = 4*p, 4*o - 2*p - 404 = -6*p. Calculate the remainder when o/3*(-24)/(-56) is divided by f(1).
3
Let c = 388 - 279. What is the remainder when 265 is divided by c?
47
Let u = 26 + 5. Suppose -m = 2*d - 559, 9*d + 2*m - 655 - 1848 = 0. What is the remainder when d is divided by u?
29
Let j = -2939 + 3311. Calculate the remainder when j is divided by 30.
12
Let d(f) = -16*f + 2394. What is the remainder when d(-7) is divided by 38?
36
Let c(r) = 12*r**2 - 4*r + 81. What is the remainder when c(-10) is divided by 222?
211
Let x(c) = -1. Let u(o) = -o - 14. Let l(z) = z**2 + 20*z - 45. Let r be l(-22). Let t(v) = r*u(v) - 2*x(v). Calculate the remainder when t(6) is divided by 8.
6
Calculate the remainder when (1 + -4)*-191 - (-4795)/685 is divided by 3.
1
Suppose -26496 = -761*y + 729*y. What is the remainder when y is divided by 20?
8
Let s(l) = -l**3 - 3*l**2 + 7. Let c be s(-3). Let f = 57 - c. Suppose -45*u + f*u - 95 = 0. Calculate the remainder when 66 is divided by u.
9
Let w be (-702)/11 + (-6)/33. Let i = -45 - w. What is the remainder when ((-210)/9)/((-1520)/7296) is divided by i?
17
Let m = 11 - 17. Let r = 34 + m. Suppose -119 = -2*f + 3*l, -3*f + 2*l = -0*f - 171. Calculate the remainder when f is divided by r.
27
Suppose -38*c - 26*c = -4352. Calculate the remainder when 337 is divided by c.
65
Suppose -6*f + 2265 = 915. Suppose 128*j = 123*j + f. What is the remainder when j is divided by 29?
16
Let w(h) = 7*h**3 + 18*h**2 + 33*h + 7. Let u(y) = -8*y**3 - 18*y**2 - 33*y - 7. Let c(o) = 5*u(o) + 6*w(o). What is the remainder when 47 is divided by c(-6)?
22
Let u(a) = 203*a + 521. What is the remainder when 1565 is divided by u(0)?
2
Let d(u) = u**3 + 58*u**2 - 248*u + 82. Calculate the remainder when 158 is divided by d(-62).
76
Suppose 6*q + 8 = 20. Suppose -5*y + q*j + 320 = -3*j, -4*y + 5*j + 252 = 0. Calculate the remainder w